13130
In base 13, what is 2 - -402887?
402889
In base 4, what is -3022000 + 1022?
-3020312
In base 8, what is -3230474 - -3?
-3230471
In base 5, what is 1112134021 - -1?
1112134022
In base 3, what is 201120120 + 10?
201120200
In base 7, what is -500 + -111?
-611
In base 13, what is 6 + -7082?
-7079
In base 14, what is b + 9dc3?
9dd0
In base 7, what is 101 - 3246?
-3145
In base 16, what is -29776 - -1?
-29775
In base 13, what is 69633 - -1?
69634
In base 16, what is 98 - 2b8?
-220
In base 8, what is -676 + 10416?
7520
In base 16, what is 5305 - -6?
530b
In base 6, what is -5351 - 33020?
-42411
In base 8, what is -31040 + 262?
-30556
In base 3, what is 12222102 - -102200?
20102002
In base 2, what is -101 - 10101000100001?
-10101000100110
In base 7, what is -5 - -521005?
521000
In base 4, what is -1121 - 201302?
-203023
In base 11, what is 23682 + -17?
23666
In base 10, what is 100 + -2373?
-2273
In base 14, what is 2 + -c11a?
-c118
In base 12, what is 71019 - 26?
70bb3
In base 16, what is -529 - 240?
-769
In base 5, what is 1113 - 201134?
-200021
In base 3, what is 101001102 - -100211?
101102020
In base 6, what is 45052 + -5?
45043
In base 13, what is -411b2c - 1?
-411b30
In base 7, what is 104 + -142061?
-141654
In base 9, what is -471572 - -5?
-471566
In base 4, what is 2 - -100013133?
100013201
In base 2, what is -1001100 + 10111100?
1110000
In base 16, what is 163bb - 7?
163b4
In base 8, what is 564 + 1064?
1650
In base 7, what is 255 - 12?
243
In base 7, what is -6 + -13020?
-13026
In base 10, what is -1843 + -9?
-1852
In base 4, what is 21032 - -3022?
30120
In base 6, what is 20013230 + 1?
20013231
In base 14, what is b9d - -26?
bc5
In base 3, what is 200000 - 21?
122202
In base 3, what is 220110110210 + -11?
220110110122
In base 13, what is 11 + 14838?
14849
In base 4, what is 2 + 2110332?
2111000
In base 8, what is -32 + 777?
745
In base 10, what is 1102 + -12?
1090
In base 9, what is -4450 - 8?
-4458
In base 6, what is 4245 + -11153?
-2504
In base 10, what is -18 + 20532?
20514
In base 5, what is -403 - 103102?
-104010
In base 8, what is -3406 - 34?
-3442
In base 4, what is -1 - -1001032222?
1001032221
In base 10, what is -2813883 + 2?
-2813881
In base 15, what is -40787 - -4?
-40783
In base 8, what is 2457 + 2525?
5204
In base 10, what is -92342 + -8?
-92350
In base 3, what is -1121 - -1002000022?
1001221201
In base 11, what is -39 + 49065?
49027
In base 14, what is -3 - 13657?
-1365a
In base 10, what is -158 + 123?
-35
In base 6, what is 13242 - 142?
13100
In base 5, what is -13210 - 41?
-13301
In base 5, what is 1444 + 11124?
13123
In base 11, what is -1a - -268?
249
In base 8, what is 1706 - 145?
1541
In base 11, what is -268a - 2?
-2691
In base 5, what is 2421 - 10101?
-2130
In base 12, what is 3 + -9a077?
-9a074
In base 8, what is 1433 + -201?
1232
In base 10, what is 49 + 7587?
7636
In base 6, what is -3 + -20340?
-20343
In base 6, what is -25225 - -3?
-25222
In base 7, what is 55430 - -2?
55432
In base 11, what is 43 - 21105?
-21072
In base 8, what is -347250 + -1?
-347251
In base 16, what is 2880 - 5?
287b
In base 11, what is 4799 + 191?
497a
In base 15, what is 16 + 1bb?
1d2
In base 8, what is 346 + -302?
44
In base 4, what is -200 - 112302?
-113102
In base 5, what is -1 + -1013222?
-1013223
In base 3, what is -1102 - 1022221?
-1101100
In base 16, what is -e6 + 2ae?
1c8
In base 13, what is 2 - 2266cb?
-2266c9
In base 2, what is 1001110010011010 + 11?
1001110010011101
In base 12, what is -9 + -b6b9?
-b706
In base 11, what is -4 - 49921?
-49925
In base 5, what is -100132041 - 2?
-100132043
In base 4, what is 313 - 22003?
-21030
In base 3, what is -1001200200 + 101?
-1001200022
In base 8, what is -635 + 52?
-563
In base 10, what is 92294 + 1?
92295
In base 3, what is 111121 - 211120?
-22222
In base 12, what is -1859b - -5?
-18596
In base 3, what is -20122221202220 - 11?
-20122221210001
In base 8, what is 0 + 22065?
22065
In base 6, what is 25 + -4522?
-4453
In base 6, what is 2 - 330342?
-330340
In base 2, what is -1110 - 1010101100?
-1010111010
In base 11, what is 265713 + -4?
26570a
In base 2, what is -10100100001 - 1110?
-10100101111
In base 14, what is 52 - -28?
7a
In base 7, what is 20 - 22461?
-22441
In base 4, what is 1002 + -110302?
-103300
In base 11, what is 116 - 30?
96
In base 10, what is 49078 - -39?
49117
In base 12, what is -2135 + -b?
-2144
In base 11, what is 17600 - -a?
1760a
In base 15, what is 833e - -11?
8350
In base 3, what is -112120112 + 121?
-112112221
In base 3, what is -101022 - 21202?
-200001
In base 13, what is 3 - b9554?
-b9551
In base 2, what is 110001101000000110000 + -11?
110001101000000101101
In base 6, what is 31453 + 50?
31543
In base 8, what is 1701110 + 5?
1701115
In base 2, what is 100110011011010 - 10101?
100110011000101
In base 4, what is -1000211 - 12?
-1000223
In base 2, what is -101010111 + -10101101100011?
-10110010111010
In base 12, what is -3 + 5063b4?
5063b1
In base 7, what is 64423 + -5?
64415
In base 11, what is -60 + -39?
-99
In base 15, what is d46 - d3?
c63
In base 11, what is -3065 - -a6?
-2a6a
In base 13, what is 21a - 5b?
18c
In base 13, what is -aaa1bb - 1?
-aaa1bc
In base 13, what is c47b + 11?
c48c
In base 12, what is -127936 - 4?
-12793a
In base 4, what is -1 - -1132103031?
1132103030
In base 2, what is 10011110100110 - 1010111?
10011101001111
In base 5, what is 110220 - 24?
110141
In base 9, what is 3 + -38340?
-38336
In base 9, what is -3860 + 12?
-3847
In base 5, what is 41200432 - -4?
41200441
In base 12, what is -a5b - 367?
-1206
In base 4, what is -11 - 2222222?
-2222233
In base 8, what is -7710 + 51?
-7637
In base 5, what is 1332001 + 2?
1332003
In base 16, what is 1fa - 5?
1f5
In base 5, what is 3032 + -1120?
1412
In base 15, what is -e - 37656?
-37665
In base 5, what is -4023 + 112?
-3411
In base 13, what is -11 - -24b?
23a
In base 6, what is -11233 - -3521?
-3312
In base 8, what is 5 - 75041?
-75034
In base 8, what is -441 - 721?
-1362
In base 9, what is -212088 - -5?
-212083
In base 4, what is 1330 + 1133?
3123
In base 6, what is -23 + -130001?
-130024
In base 16, what is -310d3e - 2?
-310d40
In base 10, what is 12699 + 312?
13011
In base 4, what is 10 - -1133323?
1133333
In base 3, what is 1120 + 102020?
110210
In base 5, what is -40433 - -422?
-40011
In base 15, what is 4 + c67b6?
c67ba
In base 10, what is -34198 + -1?
-34199
In base 12, what is 32 + 20a8?
211a
In base 10, what is -130896 - 3?
-130899
In base 15, what is 1195 + 4?
1199
In base 4, what is 3 + 3113023?
3113032
In base 13, what is 3ba + -12a?
290
In base 9, what is 4 + 100780?
100784
In base 10, what is -2 + 9160?
9158
In base 9, what is -14 + -7567?
-7582
In base 14, what is -182 - -a06?
864
In base 15, what is 2a78 - 23?
2a55
In base 9, what is 1074 - 10?
1064
In base 16, what is e + -48?
-3a
In base 9, what is 14 - 31462?
-31447
In base 4, what is -10 - 21003101?
-21003111
In base 15, what is -90dd + 45?
-9098
In base 3, what is -2 + -10112011?
-10112020
In base 12, what is -109711 + 0?
-109711
In base 16, what is 91 - 4c?
45
In base 9, what is -478288 + 0?
-478288
In base 4, what is -322232 + 232?
-322000
In base 2, what is 10000011100101101111 + 100?
10000011100101110011
In base 4, what is 122130103 - -3?
122130112
In base 13, what is -4 - -1341?
133a
In base 7, what is 2 - 1106610?
-1106605
In base 16, what is 8 - -33e6?
33ee
In base 7, what is 315205 - -2?
315210
In base 5, what is 414443 - 14?
414424
In base 7, what is 4621653 + 2?
4621655
In base 9, what is 125 + 361?
486
In base 3, what is -1212021021011 - 0?
-1212021021011
In base 15, what is 619b + 0?
619b
In base 13, what is -810a - 1?
-810b
In base 7, what is 1244030 + 3?
1244033
In base 13, what is -1031b - -c?
-1030c
In base 12, what is 3 + 36604?
36607
In base 10, what is -2130 + 9?
-2121
In base 11, what is -81 + -248?
-319
In base 15, what is -b - 91cc?
-91d8
In base 7, what is -32 - -30622?
30560
In base 7, what is -13260 - -166?
-13061
In base 8, what is -103764 + 50?
-103714
In base 10, what is -20062 + -9?
-20071
In base 13, what is 530 + -a4?
459
In base 15, what is -188 + -132?
-2ba
In base 12, what is 2 + -76204?
-76202
In base 9, what is -45 - 113?
-158
In base 4, what is 2030 - 3333332?
-3331302
In base 3, what 